t f = -29 - m. Let g = f - 44. What are the prime factors of g?
73
Suppose -16*b = -13*b + 6, -224 = -2*g + 2*b. Let h = g - 26. List the prime factors of h.
2, 3, 7
List the prime factors of 2/7 - (-4182)/14.
13, 23
Suppose 8*w = 13*w. Suppose h + c = 5*h - 176, w = -2*h + 4*c + 74. Let u = -17 + h. List the prime factors of u.
2, 7
Suppose -2*x - 18*d = -17*d - 1681, -2*x - 5*d + 1669 = 0. List the prime factors of x.
2, 421
Suppose -202635 + 78241 = -37*y. List the prime factors of y.
2, 41
Suppose -3*a + 13 = -2*a + 5*c, a = -2*c + 7. Suppose 2*x + 2*b - 110 = 0, 2*b - 230 = -x - a*x. List the prime factors of x.
2, 3, 5
Let c = -937 + 1444. Suppose c + 29 = 4*o. List the prime factors of o.
2, 67
Let g be (-471)/12 + 2/8. Let z be (1*2)/((-26)/g). Suppose -u + 2*r + 19 = 0, 15 = 2*u - z*r - 23. List the prime factors of u.
19
Let d be (3/4)/((-12)/(-48)). Let x(i) = i**3 + 6*i + 3*i**2 - 2*i**2 - 3 + 0*i**d + i. What are the prime factors of x(3)?
2, 3
Suppose -7469 + 405 = -4*b. What are the prime factors of b?
2, 883
Let i(d) = -76*d**2 + 7*d - 4. Let b be i(2). Let x = -200 - b. What are the prime factors of x?
2, 47
Let u = 2651 - 1497. List the prime factors of u.
2, 577
Let c(s) = 26*s - 1. Let h(o) = 2*o - 1. Let w be h(1). Let m be c(w). Let r = 41 - m. What are the prime factors of r?
2
Let o(q) = 9*q + 2*q + q**2 - 7 + 7. Let b be o(-8). Let i = b + 68. List the prime factors of i.
2, 11
What are the prime factors of 160/128 - 7895/(-4)?
5, 79
Suppose -25*d + 42462 = -24138. List the prime factors of d.
2, 3, 37
List the prime factors of ((-242)/(-1) - -6) + -5.
3
Suppose 0 = -3*p + 3, -f + 0*p = -3*p - 10. Let m = f + -13. Suppose 2*s + 4*j = 72, m = 4*s - s + 3*j - 114. List the prime factors of s.
2, 5
Let x(y) = -y**3 - 8*y**2 - 16*y - 12. Let k be x(-6). Let b = k - -54. List the prime factors of b.
2, 3, 11
Let l(d) = 2*d**3 + 14*d**2 - 24*d - 1. What are the prime factors of l(-8)?
3, 7
Let h = 4578 - 3123. List the prime factors of h.
3, 5, 97
Let s = 4553 - 3225. List the prime factors of s.
2, 83
Let g(h) = -h - 3. Let f be g(-11). Let z(o) = 13*o - 11. Let k(q) = 6*q - 6. Let s(w) = 5*k(w) - 2*z(w). What are the prime factors of s(f)?
2, 3
Let o = 29 - 17. Let i = o - 11. Suppose -b + i = -3. What are the prime factors of b?
2
Suppose -2*l = 5*p + 7, -3*l = -3*p - 0*p + 63. List the prime factors of (-900)/l + (-3)/(-4).
3, 19
Suppose -5*i + 7*i + 4 = 0. What are the prime factors of (-344)/i + (-1 - (1 - 5))?
5, 7
Suppose -2*d + 21 + 29 = 0. Suppose -5*x = -2*x + 4*z + 29, -d = 5*x + 2*z. Let s(h) = -2*h**3 - 4*h**2 - h + 2. List the prime factors of s(x).
23
Suppose n + 1412 = 2*u + 3*n, 3*u - 2094 = 3*n. Suppose 0*v - u = -6*v. What are the prime factors of v?
3, 13
Suppose 2*l - 4*f = 3110, 9*f - 6199 = -4*l + 10*f. What are the prime factors of l?
1549
Let u = -1800 - -3819. List the prime factors of u.
3, 673
Let i be 6/((0 - 2)/(-1)). Suppose 5 = i*r - 4. Suppose 0 = 4*l - 12, -l = h - r*l - 8. What are the prime factors of h?
2, 7
Let x be 9526/99 - (-4)/(-18). Let h = -27 + x. What are the prime factors of h?
3, 23
Let r = 78 - 71. Suppose r*j = 2*j + 45. List the prime factors of j.
3
Let p = 3258 + 378. What are the prime factors of p?
2, 3, 101
Let b(o) = o**2 - 6*o - 1. Let u be (1/(-2))/((-4)/56). Let h be b(u). Suppose 11*p = h*p + 25. What are the prime factors of p?
5
Suppose 3*s + 2*y - 4*y - 1375 = 0, 0 = 4*s + y - 1815. List the prime factors of s.
5, 7, 13
Let g be 1/(1/(-8) + (-117)/(-104)). What are the prime factors of 214 + (3 - (1 + g))?
5, 43
Suppose -2*v - 276 = 4*r, -3*v = 5*r + 240 + 171. Let q = v + 286. What are the prime factors of q?
2, 7, 11
Let v = -907 - -1755. List the prime factors of v.
2, 53
List the prime factors of 2 + 3 - (-12 - 2693).
2, 5, 271
What are the prime factors of ((-42060)/50)/((-6)/30)?
2, 3, 701
Let a(x) = -2*x + 62. Let r be a(0). Let v = 103 - r. List the prime factors of v.
41
Let a = 12463 - 6742. List the prime factors of a.
3, 1907
Suppose v + 89 = 15. Let b = 108 + v. List the prime factors of b.
2, 17
List the prime factors of (-78)/(-104) - 19474/(-8).
5, 487
Suppose 8 = 2*i - 6*i. Let x be i/9 + (-1308)/(-54). Let d = 37 - x. List the prime factors of d.
13
Let x be (474/4)/(3*(-6)/(-36)). Let b = -152 + x. What are the prime factors of b?
5, 17
Let m be (1 + -4)*2/1. Let n be 1/2 - m/(-4). List the prime factors of n*20/(3 - 5).
2, 5
Let w = 3340 - 2331. List the prime factors of w.
1009
Suppose -3*b = -3*n - 1032, 3*b - 4*n - 1036 = -0*b. Suppose b - 15 = 5*f. What are the prime factors of f?
5, 13
Let u = -7 - -1. Let k = 6 + u. Let g(r) = r**2 - r + 19. What are the prime factors of g(k)?
19
What are the prime factors of (4511/26)/((-7)/(-126))?
3, 347
Let w(a) = 35*a + 36. Let o(z) = -7*z - 7. Let r(l) = -11*o(l) - 2*w(l). List the prime factors of r(5).
2, 5
Let d(v) = 556*v + 76. What are the prime factors of d(8)?
2, 3, 13, 29
Let u(z) = -18*z**2 + 6*z + 9. Let t(a) = 9*a**2 - 3*a - 4. Let c(d) = 5*t(d) + 2*u(d). What are the prime factors of c(-2)?
2, 5
Let q = -23 - -29. Let u(j) = j**3 - 5*j**2 - 4*j + 17. List the prime factors of u(q).
29
Let p(v) = -v**3 + 5*v**2 + 4*v + 3. Let m = 43 + -39. What are the prime factors of p(m)?
5, 7
Let m(x) = -11 + 11*x**2 - 3 + 3 + x**3 + 0*x**3. Let l be m(-11). Let f = l + 29. What are the prime factors of f?
2, 3
Let y(o) = 23*o**2 + 2*o. Let t be y(-1). Suppose 0 = -4*u - 1 + t. List the prime factors of u.
5
Let t(s) = -20*s - 5. Let l(u) = -u**3 - 4*u**2 + 4*u + 10. Let f be l(-4). List the prime factors of t(f).
5, 23
Let t be (-26)/(-1) - (7 + -8). Suppose -t = -3*c - 2*b - 4, -3*c = -b - 11. Let v = 52 - c. What are the prime factors of v?
47
Let r(c) = c**3 - 6*c**2 - 5*c - 8. Let n be r(7). Let w = n - -21. List the prime factors of w.
3
Suppose -16 = 3*f + x - 5, -5*f - 2*x = 19. Let p be (f + 3)/(1*-2). Suppose -2*o - 5*m = -o - 50, p = -3*o - 5*m + 100. What are the prime factors of o?
5
Suppose -5*p = -r - 19601, -12*r = -7*p - 10*r + 27442. List the prime factors of p.
2, 5, 7
Let i(m) = -2*m**3 - 22*m**2 - 118*m - 10. List the prime factors of i(-5).
2, 5, 7
Let m(r) = -3*r**3 - 2*r**2 - 3*r + 7. What are the prime factors of m(-5)?
347
Let q(w) = -126*w**2 + 2*w - 2. Let g be q(1). Let i = -32 - g. What are the prime factors of i?
2, 47
Let f = 496 - -2091. What are the prime factors of f?
13, 199
Suppose 0 = -5*v + 39 + 671. Let i = 40 + v. List the prime factors of i.
2, 7, 13
Suppose 4 = 3*h - 2. Suppose -h*v = -3*s + 2*v + 55, s - 3*v = 15. List the prime factors of s.
3, 7
Let f = 119 - 112. Suppose 8*o - 87 = f*o. What are the prime factors of o?
3, 29
Suppose -3*r - 12*s = -9*s - 2271, -5*r - 2*s + 3791 = 0. What are the prime factors of r?
3, 11, 23
Let j be (-41 - 3)/(-3 - 11/(-3)). Let b = -62 - j. What are the prime factors of b?
2
Suppose 4*s + 4144 = 2*j + 2*j, -j = 5*s - 1006. List the prime factors of j.
1031
Let y(p) = 5079*p - 35. List the prime factors of y(1).
2, 13, 97
Let f be 4/(-10) - (-162)/(-45). What are the prime factors of (-60)/(f/1)*1?
3, 5
Let u = 111 - 61. Suppose -3*f = -37 - u. What are the prime factors of f?
29
Suppose -j - 4*j + 20 = 0. Suppose j*x = -4*y + 274 - 58, 0 = -x + 1. List the prime factors of y.
53
Suppose -a - 3*a = -36. Suppose -a*b - 207 = -1359. What are the prime factors of b?
2
Let l(g) = -279*g - 3. Let f be l(-2). Suppose 6*t - 171 = f. What are the prime factors of t?
11
Suppose 4*m - 366 = -22. Let r = 142 - m. Suppose -a - a + r = 0. List the prime factors of a.
2, 7
Let z = 1137 + -634. What are the prime factors of z?
503
Let h = 14 + 67. List the prime factors of h.
3
Suppose 16110 = 33*g - 3*g. List the prime factors of g.
3, 179
Let n(u) = u**3 + 8*u**2 - 4*u + 4. Suppose 3*t - 4*t = -9. Suppose i - 32 - t = 5*o, -3*o - i = 23. What are the prime factors of n(o)?
2, 3
Suppose -15*j + 5*j = -30. Suppose -w + 0*c + 44 = 2*c, 3*w - 138 = -j*c. What are the prime factors of w?
2, 3
Suppose 3*g - 485 = -w, -2*w - 2*g = 2*w - 1900. What are the prime factors of w?
11, 43
Let n = -187 + 241. Let s be 5*2/(-5)*-3. Suppose 2*z - s = n. List the prime factors of z.
2, 3, 5
Let h(r) = r**2 - 10*r + 7. Let y be h(9). Let o(u) = 